97 composite?
False
Is 41117 composite?
False
Is 102863 a composite number?
True
Is 400691 a composite number?
True
Is 537221 a composite number?
False
Is 19451 composite?
True
Is 1929 a prime number?
False
Is 35537 a prime number?
True
Is 11359 composite?
True
Is 140759 composite?
False
Is 5471 prime?
True
Is 9797 composite?
True
Is 16427 prime?
True
Is 32137 a composite number?
True
Is 1870307 a prime number?
True
Is 9271 a prime number?
False
Is 128167 a prime number?
False
Is 255031 a prime number?
False
Is 61379 a composite number?
False
Is 40387 prime?
True
Is 35029 a prime number?
False
Is 54523 a composite number?
True
Is 174071 prime?
True
Is 2333 prime?
True
Is 96871 a prime number?
False
Is 102766 a composite number?
True
Is 5747 prime?
False
Is 4201 a composite number?
False
Is 2909 a prime number?
True
Is 77191 prime?
True
Is 836699 a prime number?
True
Is 32602 prime?
False
Is 3677629 composite?
True
Is 24997 a composite number?
True
Is 480821 prime?
False
Is 769 a prime number?
True
Is 919 composite?
False
Is 1208873 prime?
True
Is 3138283 a composite number?
False
Is 3389 composite?
False
Is 19849 prime?
False
Is 110083 prime?
True
Is 13471 a prime number?
False
Is 1013603 prime?
True
Is 15859 composite?
False
Is 973355 a composite number?
True
Is 965 a composite number?
True
Is 283979 prime?
True
Is 5155 composite?
True
Is 17401 a prime number?
True
Is 1841107 a prime number?
True
Is 3442 composite?
True
Is 122651 composite?
False
Is 257791 a prime number?
True
Is 86063 a composite number?
True
Is 16649 prime?
True
Is 9127 prime?
True
Is 697 a prime number?
False
Is 22531 prime?
True
Is 165173 prime?
True
Is 761 prime?
True
Is 10729 a prime number?
True
Is 17311 a composite number?
True
Is 645461 prime?
False
Is 163793 a composite number?
True
Is 10937 a prime number?
True
Is 1907 composite?
False
Is 54127 a prime number?
False
Is 28459 prime?
False
Is 380321 a composite number?
True
Is 11197 composite?
False
Is 5807 prime?
True
Is 2491711 prime?
True
Is 22247 composite?
False
Is 86323 a prime number?
True
Is 10294 a prime number?
False
Is 400619 prime?
True
Is 17597 prime?
True
Is 40343 composite?
False
Is 25997 prime?
True
Is 3235 a prime number?
False
Is 57659 a prime number?
False
Is 3019 a prime number?
True
Is 11309 a composite number?
True
Is 15871 prime?
False
Is 598355 composite?
True
Is 74653 prime?
True
Is 13561 a prime number?
False
Is 30529 a composite number?
False
Is 211129 a prime number?
True
Is 16657 a prime number?
True
Is 169399 a prime number?
True
Is 24359 a prime number?
True
Is 1138171 a composite number?
False
Is 147471 composite?
True
Is 39493 prime?
False
Is 75913 a prime number?
True
Is 56837 composite?
True
Is 349693 a composite number?
True
Is 13661 a composite number?
True
Is 118 composite?
True
Is 501257 prime?
True
Is 459749 prime?
True
Is 65743 a composite number?
True
Is 420221 composite?
False
Is 61751 a composite number?
False
Is 192691 a composite number?
True
Is 573581 a composite number?
True
Is 7523 a composite number?
False
Is 1484254 composite?
True
Is 7993 composite?
False
Is 107243 a prime number?
True
Is 95653 prime?
False
Is 427 a prime number?
False
Is 1273021 a composite number?
False
Is 3863201 a composite number?
False
Is 8353 a composite number?
False
Is 9899 a composite number?
True
Is 265379 composite?
True
Is 142007 composite?
False
Is 53147 prime?
True
Is 11699 a prime number?
True
Is 10937 a prime number?
True
Is 1680743 a prime number?
True
Is 49661 a prime number?
False
Is 2560739 a composite number?
False
Is 186211 a composite number?
False
Is 2300963 prime?
False
Is 417269 a composite number?
True
Is 2798 a composite number?
True
Is 322277 composite?
True
Is 1439567 composite?
True
Is 1202 prime?
False
Is 138557 a prime number?
False
Is 11405 prime?
False
Is 179471 prime?
True
Is 82871 composite?
True
Is 51577 prime?
True
Is 63467 prime?
True
Is 77057 a composite number?
True
Is 192799 a prime number?
True
Is 18269 prime?
True
Is 55234 prime?
False
Is 1674091 a composite number?
True
Is 12661 a composite number?
True
Is 2953 a prime number?
True
Is 55963 prime?
False
Is 1931 prime?
True
Is 19498 a prime number?
False
Is 20389 composite?
False
Is 486407 a prime number?
True
Is 183247 composite?
False
Is 8159 composite?
True
Is 50291 a composite number?
False
Is 256631 a prime number?
False
Is 744631 a prime number?
False
Is 524171 prime?
True
Is 4757 prime?
False
Is 946739 a prime number?
False
Is 3947 a prime number?
True
Is 14503 a composite number?
False
Is 1729693 composite?
True
Is 35221 composite?
False
Is 49661 prime?
False
Is 74411 composite?
False
Is 227027 prime?
True
Is 174847 composite?
True
Is 428563 composite?
False
Is 3478513 composite?
False
Is 80371 a prime number?
False
Is 41461 composite?
True
Is 37429 composite?
True
Is 959831 prime?
True
Is 100963 a prime number?
False
Is 198763 a composite number?
True
Is 422566 a composite number?
True
Is 10037 a prime number?
True
Is 121717 a prime number?
False
Is 32047 a composite number?
True
Is 15902 prime?
False
Is 362405 a prime number?
False
Is 107951 a composite number?
False
Is 650701 a prime number?
True
Is 1087 composite?
False
Is 133027 composite?
True
Is 53999 composite?
True
Is 1165 prime?
False
Is 1709 a composite number?
False
Is 23159 prime?
True
Is 241817 prime?
True
Is 5671 a prime number?
False
Is 8009 a prime number?
True
Is 217199 composite?
False
Is 525149 composite?
True
Is 32987 a prime number?
True
Is 223439 a composite number?
False
Is 155191 a prime number?
True
Is 1280537 a prime number?
True
Is 187507 composite?
False
Is 286721 a composite number?
False
Is 1403 a prime number?
False
Is 181429 a prime number?
False
Is 34313 prime?
True
Is 6227 a composite number?
True
Is 657829 prime?
False
Is 10903 prime?
True
Is 50146 composite?
True
Is 186215 prime?
False
Is 136339 composite?
True
Is 49331 a prime number?
True
Is 10919 composite?
True
Is 3053 a prime number?
False
Is 7069 a composite number?
False
Is 175211 prime?
True
Is 27539 composite?
False
Is 3493 a prime number?
False
Is 30953 a prime number?
False
Is 233 a composite number?
False
Is 848843 composite?
False
Is 5557 a composite number?
False
Is 69749 prime?
False
Is 5021 composite?
False
Is 28559 a composite number?
False
Is 233 a composite number?
False
Is 75871 a prime number?
False
Is 7411 prime?
True
Is 235211 a composite number?
False
Is 85559 a prime number?
False
Is 6173 a prime number?
True
Is 4275841 a prime number?
True
Is 249955 a prime number?
False
Is 24253 prime?
False
Is 30027 prime?
False
Is 1709 composite?
False
Is 16897 composite?
True
Is 2963 prime?
True
Is 243283 composite?
True
Is 56249 composite?
False
Is 2170933 a prime number?
False
Is 87821 a prime number?
False
Is 67423 a prime number?
False
Is 15415 prime?
False
Is 5509 a composite number?
True
Is 6197 a prime number?
True
Is 258526 composite?
True
Is 3602829 composite?
True
Is 360497 composite?
False
Is 377443 a composite number?
True
Is 511637 a prime number?
False
Is 532553 a composite number?
True
Is 155609 prime?
True
Is 43213 a prime number?
False
Is 21797 composite?
True
Is 3011 composite?
False
Is 40957 prime?
False
Is 749519 a composite number?
True
Is 236711 a prime number?
False
Is 29285 composite?
True
Is 10259 a prime number?
True
Is 49853 a composite number?
False
Is 3921 prime?
False
Is 4225901 a composite number?
False
Is 1577027 prime?
True
Is 163237 a prime number?
False
Is 2724821 a composite number?
True
Is 15905 a prime number?
False
Is 531521 prime?
True
Is 369802 composite?
True
Is 2161 composite?
False
Is 100505 prime?
False
Is 1123711 composite?
True
Is 353357 a composite number?
True
Is 1259 a composite number?
False
Is 82651 a composite number?
False
Is 15454 prime?
False
Is 366323 prime?
False
Is 1739561 prime?
True
Is 404381 a composite number?
False
Is 1003 a prime number?
False
Is 4835 a composite number?
True
Is 178863 a prime number?
False
Is 85787 prime?
False
Is 32159 a prime number?
True
Is 1379 composite?
True
Is 5623 a prime number?
True
Is 202109 a composite number?
False
Is 215893 a prime number?
True
Is 24989 a composite number?
False
Is 1381 prime?
True
Is 941723 a composite number?
False
Is 6779 prime